
True
Suppose 0 = -5*y - 2*s + 8364 + 3699, 4830 = 2*y + 2*s. Is y composite?
False
Suppose -k + 4*f - 5*f + 325 = 0, -4*f = 5*k - 1626. Is k composite?
True
Let a(i) = -178*i. Let f be a(-1). Is 3/(-18)*f*-3 prime?
True
Let a = -739 - -1766. Is a a composite number?
True
Let z(w) = w**3 + w**2 + w + 1. Let q(s) = s**3 - 8*s**2 - 3*s + 1. Let o(f) = q(f) + z(f). Is o(5) a prime number?
True
Let o(j) = 6*j. Let h be o(10). Let z = 134 - h. Is z composite?
True
Let r = 2 - 0. Suppose r*q - 7*q = -2*j + 151, 5*j - 73 = 2*q. Is 0 - (0 + q + -2) prime?
True
Let r = 8 + -5. Suppose 0 = r*q + q. Suppose q*h - 245 = -5*h. Is h a composite number?
True
Let o = -6 + 8. Suppose -4*b - 2*s + 15506 = 0, 11629 = 3*b - o*s + 4*s. Is b/9 + 2/9 composite?
False
Let a = 6 - 30. Is 3*(-116)/a*22 a prime number?
False
Let r(s) = -s**3 - 10*s**2 - 11*s - 7. Let t be r(-9). Let a = 2 + t. Is a a prime number?
True
Suppose -6*z = -3*z - 303. Suppose -f - 5*b = -32 - z, 4*f - 456 = -b. Is f prime?
True
Suppose 4*h - 4 = 4. Suppose 2*o + 3*o - h*f + 8 = 0, -5*f - 1 = -2*o. Let y = o + 21. Is y a composite number?
False
Suppose 0 = k + 3*v - 497, 5*v = -5*k - 0*v + 2485. Is k prime?
False
Let x(l) = 58*l**2 + l. Let o be x(-1). Let p(r) = 2*r**2 - 6*r + 3. Let v be p(3). Suppose 0 = v*z - 2*z - o. Is z prime?
False
Suppose -3*f + 30 = 5*d, -5 = -5*d + 10. Suppose -f*m = -25, 0*g - 3*g + 3*m = -1158. Is g a prime number?
False
Let m = -2 + 7. Suppose q + s - 12 = 65, 3*q - 199 = m*s. Let h = q + 1. Is h prime?
False
Let y(l) = 0*l**3 - 3*l**2 - 8 + 14 - 9*l**3 - 7. Is y(-3) a composite number?
True
Let r(o) = -o**2 - 5*o - 7. Let l be r(-9). Is (-12)/16 + l/(-4) prime?
False
Suppose 4*y - 3 = 1. Let f be (-6 - y)*(-4)/14. Suppose 4*n - 4*q = 212, -1 = f*q - 9. Is n a prime number?
False
Let m = -2 + 3. Suppose 2*n - m = -4*h + 3, -4*n - 3*h = -3. Suppose 5*o + 2*v - 3*v - 91 = n, 4*o - 5*v = 56. Is o a prime number?
True
Suppose 2*a - 6*a = -572. Is a a prime number?
False
Let d = -199 - -900. Is d prime?
True
Suppose -67 = 4*c - 5*w, 3*c + 3*w = c - 61. Let l = c - -15. Is 230/4 - 4/l a prime number?
False
Suppose 5*r - 126 = -11. Let c = r + 0. Is c composite?
False
Let j(k) = -2*k**3 - 12*k**2 + 10*k - 4. Let l be j(-9). Suppose -f = -4*n - 195, -2*f - 2*n = -l + 42. Is f a prime number?
True
Suppose -2*d = 2*d + 5*h - 17, 2*h = -5*d + 17. Let u = d + -4. Is -1 - (-148 + (-2)/u) composite?
True
Let j(n) = -12*n**2 - n - 1. Let h be j(-1). Is 2389/6 - (-2)/h composite?
True
Let d(n) = -n - 16. Suppose 3*v - 14 = -44. Let s be d(v). Is 27/6*(-4)/s a prime number?
True
Let b be 6/(-33) - 92/(-22). Suppose 5*n - 14 - 11 = 0. Suppose 5*q + 2*j - 87 = 0, -6*j - b = -n*j. Is q composite?
False
Let d = 18 - 31. Let q = d + 39. Suppose -2*x = -5*r + 65, -r - r - 4*x + q = 0. Is r prime?
True
Let j(i) = i**3 + 6*i**2 - 7*i - 7. Let f be j(-7). Let h = 39 - f. Is h prime?
False
Is 2/7 + (-19752)/(-56) a prime number?
True
Let y(o) = 18*o**2 + o + 9. Is y(-4) prime?
True
Let t(l) = 9*l**3 - 20*l**2 - 20*l - 17. Let m(a) = -3*a**3 + 7*a**2 + 7*a + 6. Let h(f) = -17*m(f) - 6*t(f). Is h(-5) composite?
True
Is (-31 - (-1 - 2))/(-2) composite?
True
Let z(t) = t**3 - t**2 - 3*t - 1. Let i be 14/4 + 2/4. Is z(i) prime?
False
Let t(k) = 11*k. Let o be t(-1). Let v = -18 - o. Let m(c) = c**3 + 6*c**2 - 8*c + 8. Is m(v) a prime number?
False
Let s be (-90)/4*(-12)/10. Suppose -3*j + 450 = -s. Is j a prime number?
False
Suppose -5*q + 77 = -w - 218, -q + 83 = -5*w. Is q composite?
True
Suppose 2*z - 103 = 3*p, -3*z + z - 4*p + 138 = 0. Let r = z - -164. Is r composite?
False
Let u(w) = -4 + 2*w**2 - 2 - 3 + 5. Suppose 0 = -5*b - 15. Is u(b) prime?
False
Let x(z) = 15*z + 6. Let t be x(7). Suppose 4*s = s + t. Is s a prime number?
True
Suppose -k = -0*k - 21. Suppose 3*c - k - 85 = -5*r, -5 = 5*r. Is c a prime number?
True
Let m = 7 + -2. Suppose 4*o - 10 = -2*s, -m*o = -2*o + s - 8. Is o composite?
False
Let w = 17 - 31. Suppose -5*x + 80 = 4*m, -5*m + 113 = -5*x + 13. Let d = w + m. Is d a composite number?
True
Let p(z) = z**3 + 27*z**2 - 37*z - 26. Is p(-25) prime?
False
Suppose -6*y + 2*y = 2*c - 1362, -4*c = 4*y - 1360. Is y a composite number?
True
Let a(x) = 2*x + 1. Let n be a(-3). Let w(s) be the second derivative of -s**5/10 - s**4/2 + s**3/2 - 3*s**2 - 13*s. Is w(n) prime?
True
Suppose y + 0*y + 3 = 0. Let f = y - -2. Is 22 + 1 + f + -1 composite?
True
Suppose 5*w = j - 48, 0 = w + j + 2*j. Let g = -2 - w. Suppose 2*z - g*z = -3*o - 153, 115 = 3*z + 4*o. Is z a composite number?
True
Suppose -w = -3*w + 24. Let h be w/10*(-1085)/(-14). Suppose 4*t - 456 = -t + o, t - h = 2*o. Is t prime?
False
Let t be ((-28)/(-6))/((-4)/(-6)). Suppose -28 - t = -o. Suppose -j = 4*j - o. Is j a prime number?
True
Let x = 27 + 28. Is x composite?
True
Let w(y) = 29*y**2 + 8*y - 14. Is w(5) composite?
False
Suppose 0 = 3*o + 6 - 51. Suppose -o - 366 = -3*i. Is i a composite number?
False
Suppose -q - 3*q - 1244 = -f, 4*q - 4*f = -1232. Let i be q/(-14) + 6/(-21). Let m = i + 15. Is m prime?
True
Let j = 407 - 243. Suppose -f + 3*f = j. Is f a prime number?
False
Is (-20)/(8 + -3) + 453 a prime number?
True
Is 169 - -8 - 0/(-2) composite?
True
Suppose 4*s = 3*k - 487, -s = -3*k - 0*s + 475. Is k composite?
False
Let p = -121 - -284. Suppose -3*x + 0*x - 4*v + p = 0, 0 = -x + 3*v + 50. Is x composite?
False
Let c(o) = -4*o**2 - 7*o - 2. Suppose -4*g - 9 = -g. Let h(n) = 5*n**2 + 8*n + 1. Let t(b) = g*h(b) - 4*c(b). Is t(4) a prime number?
True
Let g = 736 - 341. Is g composite?
True
Let i = 31 - 28. Suppose t = -2*v - 0*t + 265, 4*v - 5*t - 509 = 0. Suppose -i*z + 2*z + v = 0. Is z a composite number?
False
Let y be (-2 - -8)/((-3)/(-14)). Suppose y = q - 19. Is q composite?
False
Suppose 4*k = -6 - 2. Let j(v) = -3*v - 3. Let b be j(k). Suppose 5*i - 3*g - 235 = 0, 3*i - 2*g = -b*g + 141. Is i composite?
False
Suppose -3*c = 5*j - 757, 5*j - 753 = -0*j - 2*c. Is j a prime number?
True
Let j be 10/(-8)*(-1 - 15). Let z be 1/(-4) + 125/j. Suppose -z*x + 11*x = 325. Is x composite?
True
Let b(i) = 5*i**2 - i - 1. Suppose -2*v + 0 = 6. Let w(s) = s**2 - s. Let q(l) = v*w(l) + b(l). Is q(5) a prime number?
True
Let y = -20 + 28. Is 61/3 + y/12 a composite number?
True
Let i be (-48)/18 + (-2)/6. Is 262 + 0 + i/(-1) a composite number?
True
Let w(i) = i - 3. Suppose 4*d - 25 + 5 = 0. Let a be w(d). Suppose 0 = -2*m - a*m - 5*h + 221, -h = -5. Is m composite?
True
Let p = -438 + 991. Is p prime?
False
Suppose 0 = v + t + 1 + 1, 0 = v - 5*t - 28. Suppose -v*l - l + 24 = 0. Is -98*((-9)/l - -1) a composite number?
True
Suppose -4*i = -4*s - i + 969, -3*s + 729 = -3*i. Let q = -167 + 88. Let b = q + s. Is b a prime number?
False
Suppose 4 - 1 = c. Let k(i) = -i. Let j(u) = u**3 - 3*u**2 - 3*u - 4. Let b(p) = -j(p) + 2*k(p). Is b(c) prime?
True
Let k(y) = 54*y**3 - y**2 - y + 1. Suppose -5*q + 15 = -2*q. Suppose q*p - 2*w - 3 = 12, 5*w + 21 = -4*p. Is k(p) prime?
True
Is 1/4 + (-1068)/(-16) composite?
False
Let m(u) = 4*u**2 + 5*u - 1. Let g = 2 + -2. Suppose 4*z - 4*l + 28 = g, 5*z - 4*l + 34 = -0*l. Is m(z) a prime number?
True
Suppose -14864 = 5*l - 13*l. Is l a prime number?
False
Is ((-2569)/14)/(3/(-6)) a composite number?
False
Suppose -3*r + 5*r + 72 = 2*d, 4*d = -3*r + 151. Is d a prime number?
True
Let l be (-4 + 3)/(2/1090). Let w = 912 + l. Is w a composite number?
False
Let n = 10 - 4. Is n/9*(-279)/(-6) prime?
True
Let m = -215 + 627. Suppose 2*h - 717 = -3*r + 102, -h + m = -r. Is h a composite number?
True
Suppose 3*f - 2*r + 16 = 0, 4*r + 0 = -5*f + 10. Is f/4*(-478 - 0) a prime number?
True
Let q(i) = -i**3 + 6*i**2 - 5*i + 4. Let f be q(5). Suppose -f*d + 151 = -333. Is d prime?
False
Suppose 1 = 2*s - 7. Suppose -i + 2*i - 844 = -s*v, i = 5*v - 1055. Is v composite?
False
Let s(o) = -21*o - 3. Let w be s(-4). Let j = 3 - -1. Suppose -3*l + 409 = -j*u + 150, l - w = -4*u. Is l a prime number?
False
Let k be -4*(-2)/4 - -3. Suppose -k*j = c - 155 - 24, -4*j + 2*c = -132. Is j a prime number?
False
Let w(z) = -z**2 + 3*z + 4. Let f be w(-4). Let r = 53 + f. Let v = 40 - r. Is v a composite number?
False
Let i(m) = 273*m. Let r(n) = 13*n. Let s(p) = 5*i(p) - 104*r(p). Is s(1) composite?
F